{"id":187,"date":"2022-07-25T14:12:39","date_gmt":"2022-07-25T12:12:39","guid":{"rendered":"https:\/\/blog.honsume.com\/?page_id=187"},"modified":"2024-11-18T21:28:16","modified_gmt":"2024-11-18T20:28:16","slug":"unsere-vision","status":"publish","type":"page","link":"https:\/\/honsume.com\/blog\/unsere-vision\/","title":{"rendered":"Vision"},"content":{"rendered":"<div id=\"pl-gb187-69f8942ea7539\"  class=\"panel-layout\" ><div id=\"pg-gb187-69f8942ea7539-0\"  class=\"panel-grid panel-has-style\" ><div class=\"siteorigin-panels-stretch panel-row-style panel-row-style-for-gb187-69f8942ea7539-0\" data-stretch-type=\"full-width-stretch\" ><div id=\"pgc-gb187-69f8942ea7539-0-0\"  class=\"panel-grid-cell\" ><div id=\"panel-gb187-69f8942ea7539-0-0-0\" class=\"so-panel widget widget_sow-hero panel-first-child panel-last-child\" data-index=\"0\" ><div\n\t\t\t\n\t\t\tclass=\"so-widget-sow-hero so-widget-sow-hero-default-bfff874009b6-187 so-widget-fittext-wrapper\"\n\t\t\t data-fit-text-compressor=\"0.85\"\n\t\t>\t\t\t\t<div class=\"sow-slider-base\" style=\"display: none\" tabindex=\"0\">\n\t\t\t\t\t<ul\n\t\t\t\t\tclass=\"sow-slider-images\"\n\t\t\t\t\tdata-settings=\"{&quot;pagination&quot;:true,&quot;speed&quot;:800,&quot;timeout&quot;:8000,&quot;paused&quot;:false,&quot;pause_on_hover&quot;:false,&quot;swipe&quot;:true,&quot;nav_always_show_desktop&quot;:&quot;&quot;,&quot;nav_always_show_mobile&quot;:&quot;&quot;,&quot;breakpoint&quot;:&quot;780px&quot;,&quot;unmute&quot;:false,&quot;anchor&quot;:null}\"\n\t\t\t\t\tstyle=\"min-height: 455px\"\t\t\t\t\tdata-anchor-id=\"\"\n\t\t\t\t>\t\t<li class=\"sow-slider-image  sow-slider-image-cover\" style=\"visibility: visible;;background-color: #333333\" >\n\t\t\t\t\t<div class=\"sow-slider-image-container\">\n\t\t\t<div class=\"sow-slider-image-wrapper\">\n\t\t\t\t<em><h1 style=\"text-align: center\">UNSERE VISION<\/h1><\/em>\t\t\t<\/div>\n\t\t<\/div>\n\t\t<div class=\"sow-slider-image-overlay sow-slider-image-cover\" style=\"opacity: 0.6;background-image: url(https:\/\/honsume.com\/blog\/wp-content\/uploads\/2022\/07\/joshua-rawson-harris-k0FpXP2W5gk-unsplash.jpg)\"  ><\/div>\t\t<\/li>\n\t\t<\/ul>\t\t\t\t<ol class=\"sow-slider-pagination\">\n\t\t\t\t\t\t\t\t\t\t\t<li><a href=\"#\" data-goto=\"0\" aria-label=\"Display slide 1\"><\/a><\/li>\n\t\t\t\t\t\t\t\t\t<\/ol>\n\n\t\t\t\t<div class=\"sow-slide-nav sow-slide-nav-next\">\n\t\t\t\t\t<a href=\"#\" data-goto=\"next\" aria-label=\"Next slide\" data-action=\"next\">\n\t\t\t\t\t\t<em class=\"sow-sld-icon-thin-right\"><\/em>\n\t\t\t\t\t<\/a>\n\t\t\t\t<\/div>\n\n\t\t\t\t<div class=\"sow-slide-nav sow-slide-nav-prev\">\n\t\t\t\t\t<a href=\"#\" data-goto=\"previous\" aria-label=\"Previous slide\" data-action=\"prev\">\n\t\t\t\t\t\t<em class=\"sow-sld-icon-thin-left\"><\/em>\n\t\t\t\t\t<\/a>\n\t\t\t\t<\/div>\n\t\t\t\t<\/div><\/div><\/div><\/div><\/div><\/div><div id=\"pg-gb187-69f8942ea7539-1\"  class=\"panel-grid panel-has-style\" ><div class=\"siteorigin-panels-stretch panel-row-style panel-row-style-for-gb187-69f8942ea7539-1\" data-stretch-type=\"full\" ><div id=\"pgc-gb187-69f8942ea7539-1-0\"  class=\"panel-grid-cell\" ><div id=\"panel-gb187-69f8942ea7539-1-0-0\" class=\"so-panel widget widget_sow-editor panel-first-child panel-last-child\" data-index=\"1\" ><div\n\t\t\t\n\t\t\tclass=\"so-widget-sow-editor so-widget-sow-editor-base\"\n\t\t\t\n\t\t><h3 class=\"widget-title\">Wer wir sind<\/h3>\n<div class=\"siteorigin-widget-tinymce textwidget\">\n\t<p>Herzlich Willkommen bei honsume &#8211; einem kleinem Unternehmen mit einer gro\u00dfen Vision!<\/p>\n<p>Unser Name ist eine Wortkreation, bestehend aus den englischen Begriffen &#8222;honest&#8220; und &#8222;consume&#8220;. Doch was steckt dahinter?<\/p>\n<p>Der Konsum von Kleidungsst\u00fccken erfolgt in der heutigen Zeit viel zu unbewusst und impulsiv. In den wenigstens F\u00e4llen wird sich wirklich damit besch\u00e4ftigt, ob die erworbenen Produkte aus fairen Arbeitsbedingungen stammen. Es ist leicht zu behaupten, man agiere &#8222;nachhaltig&#8220; und &#8222;bewusst&#8220; &#8211; doch meistens steht am Ende dann doch der Preis oder Style im Vordergrund.<\/p>\n<p>Wir finden, dass ein wenig mehr Transparenz und Informationen nicht schaden k\u00f6nnen. Vor allem dann, wenn die meisten Unternehmen unethische Produktionsprozesse verschleiern und es uns dadurch noch weiter erschwert wird, bewusste Entscheidungen zu treffen.<\/p>\n<p>Und genau darum geht es doch im Leben: Entscheidungen zu treffen, hinter denen man stehen kann. Das ist nur m\u00f6glich, wenn man ehrlich zu sich selbst ist. Daher auch unser Name:<\/p>\n<blockquote>\n<p><strong>hon<\/strong>est + con<strong>sume<\/strong> = <strong>honsume<\/strong><\/p>\n<\/blockquote>\n<p>Unser Vorhaben basiert auf einer Idee, die uns an einem sonnigen Januar-Wochenende bei einem Spaziergang am Rhein in den Kopf gekommen ist. Nach reiflicher \u00dcberlegung und Konkretisierung dieser Idee ist honsume dann Anfang 2022 in einem kleinen \u00d6rtchen zwischen K\u00f6ln und D\u00fcsseldorf, also inmitten zweier der gr\u00f6\u00dften Fashion-Metropolen in Deutschland, ins Leben gerufen worden.<\/p>\n<\/div>\n<\/div><\/div><\/div><div id=\"pgc-gb187-69f8942ea7539-1-1\"  class=\"panel-grid-cell\" ><div id=\"panel-gb187-69f8942ea7539-1-1-0\" class=\"so-panel widget widget_sow-editor panel-first-child panel-last-child\" data-index=\"2\" ><div\n\t\t\t\n\t\t\tclass=\"so-widget-sow-editor so-widget-sow-editor-base\"\n\t\t\t\n\t\t><h3 class=\"widget-title\">Was wir machen<\/h3>\n<div class=\"siteorigin-widget-tinymce textwidget\">\n\t<p>Doch wie genau wollen wir einen Teil zu einem ehrlicheren Konsum beitragen?<\/p>\n<p>Getreu dem Motto &#8222;Wissen ist Macht&#8220; werden wir euch laufend mit Beitr\u00e4gen zu den wichtigsten Nachhaltigkeits-Trends in der Modebranche versorgen. Dar\u00fcber hinaus findet ihr bei uns Artikel, die einzelne Unternehmen hinsichtlich verschiedener Kriterien unter die Lupe nehmen. Und zu guter Letzt wollen wir euch Tipps und Hinweise geben, wie ihr selber in eurem t\u00e4glichen Konsum bewusstere Entscheidungen treffen k\u00f6nnt.<\/p>\n<p>Es ist also unser Anspruch, dass ihr bei jedem eurer zuk\u00fcnftigen K\u00e4ufe das Gef\u00fchl habt, bewusster zu handeln. Schaut euch gern mal unsere Beitr\u00e4ge an. \u00dcber konstruktives Feedback freuen wir uns!<\/p>\n<p>Aber unsere Vision geht noch weiter: Langfristig ist es unser Ziel, Produkte von besonders nachhaltigen und ethischen Unternehmen anzubieten. Hierbei steht ein sorgf\u00e4ltiger Auswahlprozess nach bestimmten Kriterien im Vordergrund.<\/p>\n<p>Da sich das Thema Nachhaltigkeit in der Modebranche stetig wandelt und sehr komplex ist, gibt es f\u00fcr uns noch einiges zu lernen. Daher w\u00fcrden wir uns freuen, wenn ihr diesen Lernprozess gemeinsam mit uns durchlauft. Denn nur so kann es funktionieren: Wissen aufbauen und die gewonnenen Erkenntnisse teilen. <\/p>\n<p>Bei honsume sind wir der Meinung, dass Mode sich gut anf\u00fchlen sollte \u2013 und das gilt auch f\u00fcr den Planeten. Begleite uns auf unserer Mission, die Modeindustrie Stil f\u00fcr Stil neu zu definieren.<\/p>\n<p>&nbsp;<\/p>\n<\/div>\n<\/div><\/div><\/div><\/div><\/div><\/div>","protected":false},"excerpt":{"rendered":"<p>Herzlich Willkommen bei honsume &#8211; einem kleinem Unternehmen mit einer gro\u00dfen Vision! Unser Name ist eine Wortkreation, bestehend aus den englischen Begriffen &#8222;honest&#8220; und &#8222;consume&#8220;. Doch was steckt dahinter? Der Konsum von Kleidungsst\u00fccken erfolgt in der heutigen Zeit viel zu unbewusst und impulsiv. In den wenigstens F\u00e4llen wird sich wirklich damit besch\u00e4ftigt, ob die erworbenen&#8230;<\/p>\n<div class=\"more-link-wrapper\"><a class=\"more-link\" href=\"https:\/\/honsume.com\/blog\/unsere-vision\/\"><span class=\"more-text\">Continue reading<\/span><\/a><\/div>\n","protected":false},"author":2,"featured_media":0,"parent":0,"menu_order":0,"comment_status":"closed","ping_status":"closed","template":"","meta":{"footnotes":""},"class_list":["post-187","page","type-page","status-publish","hentry","post"],"yoast_head":"<!-- This site is optimized with the Yoast SEO plugin v26.5 - https:\/\/yoast.com\/wordpress\/plugins\/seo\/ -->\n<title>Vision - honsume<\/title>\n<meta name=\"robots\" content=\"index, follow, max-snippet:-1, max-image-preview:large, max-video-preview:-1\" \/>\n<link rel=\"canonical\" href=\"https:\/\/honsume.com\/blog\/unsere-vision\/\" \/>\n<meta property=\"og:locale\" content=\"de_DE\" \/>\n<meta property=\"og:type\" content=\"article\" \/>\n<meta property=\"og:title\" content=\"Vision - honsume\" \/>\n<meta property=\"og:description\" content=\"Herzlich Willkommen bei honsume - einem kleinem Unternehmen mit einer gro\u00dfen Vision! Unser Name ist eine Wortkreation, bestehend aus den englischen Begriffen &quot;honest&quot; und &quot;consume&quot;. Doch was steckt dahinter? Der Konsum von Kleidungsst\u00fccken erfolgt in der heutigen Zeit viel zu unbewusst und impulsiv. In den wenigstens F\u00e4llen wird sich wirklich damit besch\u00e4ftigt, ob die erworbenen...Continue reading\" \/>\n<meta property=\"og:url\" content=\"https:\/\/honsume.com\/blog\/unsere-vision\/\" \/>\n<meta property=\"og:site_name\" content=\"honsume\" \/>\n<meta property=\"article:modified_time\" content=\"2024-11-18T20:28:16+00:00\" \/>\n<meta name=\"twitter:card\" content=\"summary_large_image\" \/>\n<meta name=\"twitter:label1\" content=\"Gesch\u00e4tzte Lesezeit\" \/>\n\t<meta name=\"twitter:data1\" content=\"3\u00a0Minuten\" \/>\n<script type=\"application\/ld+json\" class=\"yoast-schema-graph\">{\"@context\":\"https:\/\/schema.org\",\"@graph\":[{\"@type\":\"WebPage\",\"@id\":\"https:\/\/honsume.com\/blog\/unsere-vision\/\",\"url\":\"https:\/\/honsume.com\/blog\/unsere-vision\/\",\"name\":\"Vision - honsume\",\"isPartOf\":{\"@id\":\"https:\/\/honsume.com\/blog\/#website\"},\"datePublished\":\"2022-07-25T12:12:39+00:00\",\"dateModified\":\"2024-11-18T20:28:16+00:00\",\"breadcrumb\":{\"@id\":\"https:\/\/honsume.com\/blog\/unsere-vision\/#breadcrumb\"},\"inLanguage\":\"de\",\"potentialAction\":[{\"@type\":\"ReadAction\",\"target\":[\"https:\/\/honsume.com\/blog\/unsere-vision\/\"]}]},{\"@type\":\"BreadcrumbList\",\"@id\":\"https:\/\/honsume.com\/blog\/unsere-vision\/#breadcrumb\",\"itemListElement\":[{\"@type\":\"ListItem\",\"position\":1,\"name\":\"Startseite\",\"item\":\"https:\/\/honsume.com\/blog\/\"},{\"@type\":\"ListItem\",\"position\":2,\"name\":\"Vision\"}]},{\"@type\":\"WebSite\",\"@id\":\"https:\/\/honsume.com\/blog\/#website\",\"url\":\"https:\/\/honsume.com\/blog\/\",\"name\":\"honsume\",\"description\":\"\",\"publisher\":{\"@id\":\"https:\/\/honsume.com\/blog\/#organization\"},\"potentialAction\":[{\"@type\":\"SearchAction\",\"target\":{\"@type\":\"EntryPoint\",\"urlTemplate\":\"https:\/\/honsume.com\/blog\/?s={search_term_string}\"},\"query-input\":{\"@type\":\"PropertyValueSpecification\",\"valueRequired\":true,\"valueName\":\"search_term_string\"}}],\"inLanguage\":\"de\"},{\"@type\":\"Organization\",\"@id\":\"https:\/\/honsume.com\/blog\/#organization\",\"name\":\"honsume\",\"url\":\"https:\/\/honsume.com\/blog\/\",\"logo\":{\"@type\":\"ImageObject\",\"inLanguage\":\"de\",\"@id\":\"https:\/\/honsume.com\/blog\/#\/schema\/logo\/image\/\",\"url\":\"https:\/\/honsume.com\/blog\/wp-content\/uploads\/2025\/12\/cropped-honsume-icon-green-near.png\",\"contentUrl\":\"https:\/\/honsume.com\/blog\/wp-content\/uploads\/2025\/12\/cropped-honsume-icon-green-near.png\",\"width\":448,\"height\":430,\"caption\":\"honsume\"},\"image\":{\"@id\":\"https:\/\/honsume.com\/blog\/#\/schema\/logo\/image\/\"}}]}<\/script>\n<!-- \/ Yoast SEO plugin. -->","yoast_head_json":{"title":"Vision - honsume","robots":{"index":"index","follow":"follow","max-snippet":"max-snippet:-1","max-image-preview":"max-image-preview:large","max-video-preview":"max-video-preview:-1"},"canonical":"https:\/\/honsume.com\/blog\/unsere-vision\/","og_locale":"de_DE","og_type":"article","og_title":"Vision - honsume","og_description":"Herzlich Willkommen bei honsume - einem kleinem Unternehmen mit einer gro\u00dfen Vision! Unser Name ist eine Wortkreation, bestehend aus den englischen Begriffen \"honest\" und \"consume\". Doch was steckt dahinter? Der Konsum von Kleidungsst\u00fccken erfolgt in der heutigen Zeit viel zu unbewusst und impulsiv. In den wenigstens F\u00e4llen wird sich wirklich damit besch\u00e4ftigt, ob die erworbenen...Continue reading","og_url":"https:\/\/honsume.com\/blog\/unsere-vision\/","og_site_name":"honsume","article_modified_time":"2024-11-18T20:28:16+00:00","twitter_card":"summary_large_image","twitter_misc":{"Gesch\u00e4tzte Lesezeit":"3\u00a0Minuten"},"schema":{"@context":"https:\/\/schema.org","@graph":[{"@type":"WebPage","@id":"https:\/\/honsume.com\/blog\/unsere-vision\/","url":"https:\/\/honsume.com\/blog\/unsere-vision\/","name":"Vision - honsume","isPartOf":{"@id":"https:\/\/honsume.com\/blog\/#website"},"datePublished":"2022-07-25T12:12:39+00:00","dateModified":"2024-11-18T20:28:16+00:00","breadcrumb":{"@id":"https:\/\/honsume.com\/blog\/unsere-vision\/#breadcrumb"},"inLanguage":"de","potentialAction":[{"@type":"ReadAction","target":["https:\/\/honsume.com\/blog\/unsere-vision\/"]}]},{"@type":"BreadcrumbList","@id":"https:\/\/honsume.com\/blog\/unsere-vision\/#breadcrumb","itemListElement":[{"@type":"ListItem","position":1,"name":"Startseite","item":"https:\/\/honsume.com\/blog\/"},{"@type":"ListItem","position":2,"name":"Vision"}]},{"@type":"WebSite","@id":"https:\/\/honsume.com\/blog\/#website","url":"https:\/\/honsume.com\/blog\/","name":"honsume","description":"","publisher":{"@id":"https:\/\/honsume.com\/blog\/#organization"},"potentialAction":[{"@type":"SearchAction","target":{"@type":"EntryPoint","urlTemplate":"https:\/\/honsume.com\/blog\/?s={search_term_string}"},"query-input":{"@type":"PropertyValueSpecification","valueRequired":true,"valueName":"search_term_string"}}],"inLanguage":"de"},{"@type":"Organization","@id":"https:\/\/honsume.com\/blog\/#organization","name":"honsume","url":"https:\/\/honsume.com\/blog\/","logo":{"@type":"ImageObject","inLanguage":"de","@id":"https:\/\/honsume.com\/blog\/#\/schema\/logo\/image\/","url":"https:\/\/honsume.com\/blog\/wp-content\/uploads\/2025\/12\/cropped-honsume-icon-green-near.png","contentUrl":"https:\/\/honsume.com\/blog\/wp-content\/uploads\/2025\/12\/cropped-honsume-icon-green-near.png","width":448,"height":430,"caption":"honsume"},"image":{"@id":"https:\/\/honsume.com\/blog\/#\/schema\/logo\/image\/"}}]}},"_links":{"self":[{"href":"https:\/\/honsume.com\/blog\/wp-json\/wp\/v2\/pages\/187","targetHints":{"allow":["GET"]}}],"collection":[{"href":"https:\/\/honsume.com\/blog\/wp-json\/wp\/v2\/pages"}],"about":[{"href":"https:\/\/honsume.com\/blog\/wp-json\/wp\/v2\/types\/page"}],"author":[{"embeddable":true,"href":"https:\/\/honsume.com\/blog\/wp-json\/wp\/v2\/users\/2"}],"replies":[{"embeddable":true,"href":"https:\/\/honsume.com\/blog\/wp-json\/wp\/v2\/comments?post=187"}],"version-history":[{"count":1,"href":"https:\/\/honsume.com\/blog\/wp-json\/wp\/v2\/pages\/187\/revisions"}],"predecessor-version":[{"id":677,"href":"https:\/\/honsume.com\/blog\/wp-json\/wp\/v2\/pages\/187\/revisions\/677"}],"wp:attachment":[{"href":"https:\/\/honsume.com\/blog\/wp-json\/wp\/v2\/media?parent=187"}],"curies":[{"name":"wp","href":"https:\/\/api.w.org\/{rel}","templated":true}]}}