{"id":592,"date":"2025-08-05T11:24:09","date_gmt":"2025-08-05T09:24:09","guid":{"rendered":"https:\/\/honsume.com\/blog\/?page_id=592"},"modified":"2025-08-05T11:24:10","modified_gmt":"2025-08-05T09:24:10","slug":"impressum","status":"publish","type":"page","link":"https:\/\/honsume.com\/blog\/impressum\/","title":{"rendered":"Impressum"},"content":{"rendered":"\n<p>Maxime Deronja<br>Danziger Str. <br>42719 Solingen<br>Deutschland<\/p>\n\n\n\n<h3 class=\"wp-block-heading\">Kontakt<\/h3>\n\n\n\n<p>E\u2011Mail: maxime@honsume.com<\/p>\n\n\n\n<h3 class=\"wp-block-heading\">Redaktionell verantwortlich<\/h3>\n\n\n\n<p>Maxime Deronja<\/p>\n\n\n\n<p>Quelle: <a href=\"https:\/\/www.e-recht24.de\/\">e-recht24.de<\/a> <\/p>\n\n\n\n<h3 class=\"wp-block-heading\">Haftungsausschluss (Disclaimer)<\/h3>\n\n\n\n<ul class=\"wp-block-list\">\n<li><strong>Haftung f\u00fcr Inhalte gem\u00e4\u00df \u00a7\u202f7 Abs.\u202f1 DDG:<\/strong><br>Die Inhalte dieses Blogs werden mit gr\u00f6\u00dftm\u00f6glicher Sorgfalt erstellt. F\u00fcr die Richtigkeit, Vollst\u00e4ndigkeit oder Aktualit\u00e4t \u00fcbernehme ich dennoch keine Gew\u00e4hr.<\/li>\n\n\n\n<li><strong>Haftung f\u00fcr Links\u202f\u2013 externe Inhalte:<\/strong><br>F\u00fcr direkte oder indirekte Verweise auf fremde Websites (sogenannte Hyperlinks) \u00fcbernehme ich keine Verantwortung. Der Inhalt der verlinkten Seiten liegt stets in der Verantwortung der jeweiligen Anbieter.<\/li>\n\n\n\n<li><strong>Verbraucher-Streitbeilegung:<\/strong><br>Ich nehme nicht an einem freiwilligen Streitbeilegungsverfahren vor einer Verbraucherschlichtungsstelle teil und bin dazu nicht verpflichtet.<\/li>\n\n\n\n<li><strong>COVID-19 oder sonstige Haftung:<\/strong><br>Trotz sorgf\u00e4ltiger inhaltlicher Kontrolle \u00fcbernehme ich keine Haftung f\u00fcr unvorhergesehene Ereignisse (z.\u202fB. Datenverlust, Ausfallzeiten etc.). Marken-, Urheber- und Nutzungsrechte aus Bildern musst du beim Upload zus\u00e4tzlich abkl\u00e4ren.<\/li>\n<\/ul>\n","protected":false},"excerpt":{"rendered":"<p>Maxime DeronjaDanziger Str. 42719 SolingenDeutschland Kontakt E\u2011Mail: maxime@honsume.com Redaktionell verantwortlich Maxime Deronja Quelle: e-recht24.de Haftungsausschluss (Disclaimer)<\/p>\n","protected":false},"author":2,"featured_media":0,"parent":0,"menu_order":0,"comment_status":"closed","ping_status":"closed","template":"","meta":{"footnotes":""},"class_list":["post-592","page","type-page","status-publish","hentry","post"],"yoast_head":"<!-- This site is optimized with the Yoast SEO plugin v26.5 - https:\/\/yoast.com\/wordpress\/plugins\/seo\/ -->\n<title>Impressum - honsume<\/title>\n<meta name=\"robots\" content=\"index, follow, max-snippet:-1, max-image-preview:large, max-video-preview:-1\" \/>\n<link rel=\"canonical\" href=\"https:\/\/honsume.com\/blog\/impressum\/\" \/>\n<meta property=\"og:locale\" content=\"de_DE\" \/>\n<meta property=\"og:type\" content=\"article\" \/>\n<meta property=\"og:title\" content=\"Impressum - honsume\" \/>\n<meta property=\"og:description\" content=\"Maxime DeronjaDanziger Str. 42719 SolingenDeutschland Kontakt E\u2011Mail: maxime@honsume.com Redaktionell verantwortlich Maxime Deronja Quelle: e-recht24.de Haftungsausschluss (Disclaimer)\" \/>\n<meta property=\"og:url\" content=\"https:\/\/honsume.com\/blog\/impressum\/\" \/>\n<meta property=\"og:site_name\" content=\"honsume\" \/>\n<meta property=\"article:modified_time\" content=\"2025-08-05T09:24:10+00:00\" \/>\n<meta name=\"twitter:card\" content=\"summary_large_image\" \/>\n<meta name=\"twitter:label1\" content=\"Gesch\u00e4tzte Lesezeit\" \/>\n\t<meta name=\"twitter:data1\" content=\"1\u00a0Minute\" \/>\n<script type=\"application\/ld+json\" class=\"yoast-schema-graph\">{\"@context\":\"https:\/\/schema.org\",\"@graph\":[{\"@type\":\"WebPage\",\"@id\":\"https:\/\/honsume.com\/blog\/impressum\/\",\"url\":\"https:\/\/honsume.com\/blog\/impressum\/\",\"name\":\"Impressum - honsume\",\"isPartOf\":{\"@id\":\"https:\/\/honsume.com\/blog\/#website\"},\"datePublished\":\"2025-08-05T09:24:09+00:00\",\"dateModified\":\"2025-08-05T09:24:10+00:00\",\"breadcrumb\":{\"@id\":\"https:\/\/honsume.com\/blog\/impressum\/#breadcrumb\"},\"inLanguage\":\"de\",\"potentialAction\":[{\"@type\":\"ReadAction\",\"target\":[\"https:\/\/honsume.com\/blog\/impressum\/\"]}]},{\"@type\":\"BreadcrumbList\",\"@id\":\"https:\/\/honsume.com\/blog\/impressum\/#breadcrumb\",\"itemListElement\":[{\"@type\":\"ListItem\",\"position\":1,\"name\":\"Startseite\",\"item\":\"https:\/\/honsume.com\/blog\/\"},{\"@type\":\"ListItem\",\"position\":2,\"name\":\"Impressum\"}]},{\"@type\":\"WebSite\",\"@id\":\"https:\/\/honsume.com\/blog\/#website\",\"url\":\"https:\/\/honsume.com\/blog\/\",\"name\":\"honsume\",\"description\":\"\",\"publisher\":{\"@id\":\"https:\/\/honsume.com\/blog\/#organization\"},\"potentialAction\":[{\"@type\":\"SearchAction\",\"target\":{\"@type\":\"EntryPoint\",\"urlTemplate\":\"https:\/\/honsume.com\/blog\/?s={search_term_string}\"},\"query-input\":{\"@type\":\"PropertyValueSpecification\",\"valueRequired\":true,\"valueName\":\"search_term_string\"}}],\"inLanguage\":\"de\"},{\"@type\":\"Organization\",\"@id\":\"https:\/\/honsume.com\/blog\/#organization\",\"name\":\"honsume\",\"url\":\"https:\/\/honsume.com\/blog\/\",\"logo\":{\"@type\":\"ImageObject\",\"inLanguage\":\"de\",\"@id\":\"https:\/\/honsume.com\/blog\/#\/schema\/logo\/image\/\",\"url\":\"https:\/\/honsume.com\/blog\/wp-content\/uploads\/2025\/12\/cropped-honsume-icon-green-near.png\",\"contentUrl\":\"https:\/\/honsume.com\/blog\/wp-content\/uploads\/2025\/12\/cropped-honsume-icon-green-near.png\",\"width\":448,\"height\":430,\"caption\":\"honsume\"},\"image\":{\"@id\":\"https:\/\/honsume.com\/blog\/#\/schema\/logo\/image\/\"}}]}<\/script>\n<!-- \/ Yoast SEO plugin. -->","yoast_head_json":{"title":"Impressum - honsume","robots":{"index":"index","follow":"follow","max-snippet":"max-snippet:-1","max-image-preview":"max-image-preview:large","max-video-preview":"max-video-preview:-1"},"canonical":"https:\/\/honsume.com\/blog\/impressum\/","og_locale":"de_DE","og_type":"article","og_title":"Impressum - honsume","og_description":"Maxime DeronjaDanziger Str. 42719 SolingenDeutschland Kontakt E\u2011Mail: maxime@honsume.com Redaktionell verantwortlich Maxime Deronja Quelle: e-recht24.de Haftungsausschluss (Disclaimer)","og_url":"https:\/\/honsume.com\/blog\/impressum\/","og_site_name":"honsume","article_modified_time":"2025-08-05T09:24:10+00:00","twitter_card":"summary_large_image","twitter_misc":{"Gesch\u00e4tzte Lesezeit":"1\u00a0Minute"},"schema":{"@context":"https:\/\/schema.org","@graph":[{"@type":"WebPage","@id":"https:\/\/honsume.com\/blog\/impressum\/","url":"https:\/\/honsume.com\/blog\/impressum\/","name":"Impressum - honsume","isPartOf":{"@id":"https:\/\/honsume.com\/blog\/#website"},"datePublished":"2025-08-05T09:24:09+00:00","dateModified":"2025-08-05T09:24:10+00:00","breadcrumb":{"@id":"https:\/\/honsume.com\/blog\/impressum\/#breadcrumb"},"inLanguage":"de","potentialAction":[{"@type":"ReadAction","target":["https:\/\/honsume.com\/blog\/impressum\/"]}]},{"@type":"BreadcrumbList","@id":"https:\/\/honsume.com\/blog\/impressum\/#breadcrumb","itemListElement":[{"@type":"ListItem","position":1,"name":"Startseite","item":"https:\/\/honsume.com\/blog\/"},{"@type":"ListItem","position":2,"name":"Impressum"}]},{"@type":"WebSite","@id":"https:\/\/honsume.com\/blog\/#website","url":"https:\/\/honsume.com\/blog\/","name":"honsume","description":"","publisher":{"@id":"https:\/\/honsume.com\/blog\/#organization"},"potentialAction":[{"@type":"SearchAction","target":{"@type":"EntryPoint","urlTemplate":"https:\/\/honsume.com\/blog\/?s={search_term_string}"},"query-input":{"@type":"PropertyValueSpecification","valueRequired":true,"valueName":"search_term_string"}}],"inLanguage":"de"},{"@type":"Organization","@id":"https:\/\/honsume.com\/blog\/#organization","name":"honsume","url":"https:\/\/honsume.com\/blog\/","logo":{"@type":"ImageObject","inLanguage":"de","@id":"https:\/\/honsume.com\/blog\/#\/schema\/logo\/image\/","url":"https:\/\/honsume.com\/blog\/wp-content\/uploads\/2025\/12\/cropped-honsume-icon-green-near.png","contentUrl":"https:\/\/honsume.com\/blog\/wp-content\/uploads\/2025\/12\/cropped-honsume-icon-green-near.png","width":448,"height":430,"caption":"honsume"},"image":{"@id":"https:\/\/honsume.com\/blog\/#\/schema\/logo\/image\/"}}]}},"_links":{"self":[{"href":"https:\/\/honsume.com\/blog\/wp-json\/wp\/v2\/pages\/592","targetHints":{"allow":["GET"]}}],"collection":[{"href":"https:\/\/honsume.com\/blog\/wp-json\/wp\/v2\/pages"}],"about":[{"href":"https:\/\/honsume.com\/blog\/wp-json\/wp\/v2\/types\/page"}],"author":[{"embeddable":true,"href":"https:\/\/honsume.com\/blog\/wp-json\/wp\/v2\/users\/2"}],"replies":[{"embeddable":true,"href":"https:\/\/honsume.com\/blog\/wp-json\/wp\/v2\/comments?post=592"}],"version-history":[{"count":0,"href":"https:\/\/honsume.com\/blog\/wp-json\/wp\/v2\/pages\/592\/revisions"}],"wp:attachment":[{"href":"https:\/\/honsume.com\/blog\/wp-json\/wp\/v2\/media?parent=592"}],"curies":[{"name":"wp","href":"https:\/\/api.w.org\/{rel}","templated":true}]}}